{"id":225152,"date":"2024-07-29T12:16:37","date_gmt":"2024-07-29T12:16:37","guid":{"rendered":"https:\/\/dev.ideabasekent.com\/afrolisbon\/?page_id=225152"},"modified":"2024-07-29T14:41:45","modified_gmt":"2024-07-29T14:41:45","slug":"360-image-viewer","status":"publish","type":"page","link":"https:\/\/dev.ideabasekent.com\/afrolisbon\/360-image-viewer\/","title":{"rendered":"360\u00b0 Image Viewer"},"content":{"rendered":"\n<h2 class=\"wp-block-heading\">AfroLisbon 360\u00b0 Image Hotspots<\/h2>\n\n\n\n<figure class=\"wp-block-image size-full is-resized wp-duotone-unset-1\"><a href=\"https:\/\/cdn.pannellum.org\/2.5\/pannellum.htm#panorama=https%3A\/\/i.imgur.com\/OrI6m9v.jpg&amp;title=Statue%20of%20African%20Worker\"><img loading=\"lazy\" decoding=\"async\" width=\"974\" height=\"922\" src=\"https:\/\/dev.ideabasekent.com\/afrolisbon\/wp-content\/uploads\/sites\/14\/2024\/07\/Screenshot-2024-07-29-102051.png\" alt=\"\" class=\"wp-image-225180\" style=\"width:382px;height:auto\" \/><\/a><figcaption class=\"wp-element-caption\"><a href=\"https:\/\/cdn.pannellum.org\/2.5\/pannellum.htm#panorama=https%3A\/\/i.imgur.com\/OrI6m9v.jpg&amp;title=Statue%20of%20African%20Worker\">Statue of African Worker<\/a><\/figcaption><\/figure>\n\n\n\n<figure class=\"wp-block-image size-full is-resized\"><a href=\"https:\/\/cdn.pannellum.org\/2.5\/pannellum.htm#panorama=https%3A\/\/i.imgur.com\/67uR1yV.jpeg&amp;title=Pai%20Paulino\"><img loading=\"lazy\" decoding=\"async\" width=\"613\" height=\"927\" src=\"https:\/\/dev.ideabasekent.com\/afrolisbon\/wp-content\/uploads\/sites\/14\/2024\/07\/image_2024-07-29_102528029.png\" alt=\"\" class=\"wp-image-225182\" style=\"width:299px;height:auto\" \/><\/a><figcaption class=\"wp-element-caption\"><a href=\"https:\/\/cdn.pannellum.org\/2.5\/pannellum.htm#panorama=https%3A\/\/i.imgur.com\/67uR1yV.jpeg&amp;title=Pai%20Paulino\">Pai Paulino Statue<\/a><\/figcaption><\/figure>\n\n\n\n<figure class=\"wp-block-image size-full is-resized wp-duotone-unset-2\"><a href=\"https:\/\/cdn.pannellum.org\/2.5\/pannellum.htm#panorama=https%3A\/\/i.imgur.com\/CzKUOXX.jpeg&amp;title=Marques%20de%20Pombal%20Statue\"><img loading=\"lazy\" decoding=\"async\" width=\"669\" height=\"918\" src=\"https:\/\/dev.ideabasekent.com\/afrolisbon\/wp-content\/uploads\/sites\/14\/2024\/07\/image_2024-07-29_102702640.png\" alt=\"\" class=\"wp-image-225184\" style=\"width:303px;height:auto\" \/><\/a><figcaption class=\"wp-element-caption\"><a href=\"https:\/\/cdn.pannellum.org\/2.5\/pannellum.htm#panorama=https%3A\/\/i.imgur.com\/CzKUOXX.jpeg&amp;title=Marques%20de%20Pombal%20Statue\">Marques de Pombal Statue<\/a><\/figcaption><\/figure>\n\n\n\n<figure class=\"wp-block-image size-large is-resized\"><a href=\"https:\/\/cdn.pannellum.org\/2.5\/pannellum.htm#panorama=https%3A\/\/i.imgur.com\/uGwZBsI.jpeg&amp;title=Carlos%20Lopes%20Pavilion\"><img loading=\"lazy\" decoding=\"async\" width=\"1024\" height=\"799\" src=\"https:\/\/dev.ideabasekent.com\/afrolisbon\/wp-content\/uploads\/sites\/14\/2024\/07\/image_2024-07-29_102906232-1024x799.png\" alt=\"\" class=\"wp-image-225185\" style=\"width:365px;height:auto\" \/><\/a><figcaption class=\"wp-element-caption\"><a href=\"https:\/\/cdn.pannellum.org\/2.5\/pannellum.htm#panorama=https%3A\/\/i.imgur.com\/uGwZBsI.jpeg&amp;title=Carlos%20Lopes%20Pavilion\">Carlos Lopes Pavilion<\/a><\/figcaption><\/figure>\n\n\n\n<figure class=\"wp-block-image size-full is-resized\"><a href=\"https:\/\/cdn.pannellum.org\/2.5\/pannellum.htm#panorama=https%3A\/\/i.imgur.com\/3bHYSqs.jpeg&amp;title=Jose%20Tomas%20de%20Sousa%20Martins\"><img loading=\"lazy\" decoding=\"async\" width=\"655\" height=\"885\" src=\"https:\/\/dev.ideabasekent.com\/afrolisbon\/wp-content\/uploads\/sites\/14\/2024\/07\/image_2024-07-29_103001191.png\" alt=\"\" class=\"wp-image-225186\" style=\"width:383px;height:auto\" \/><\/a><figcaption class=\"wp-element-caption\"><a href=\"https:\/\/cdn.pannellum.org\/2.5\/pannellum.htm#panorama=https%3A\/\/i.imgur.com\/3bHYSqs.jpeg&amp;title=Jose%20Tomas%20de%20Sousa%20Martins\">Jos\u00e9 Tom\u00e1s de Sousa Martins<\/a><\/figcaption><\/figure>\n\n\n\n<figure class=\"wp-block-image size-full is-resized\"><a href=\"https:\/\/cdn.pannellum.org\/2.5\/pannellum.htm#panorama=https%3A\/\/i.imgur.com\/qxHEqrR.jpeg&amp;title=Outside%20of%20Igreja%20de%20Sao%20Mamede%20do%20Sadao\"><img loading=\"lazy\" decoding=\"async\" width=\"843\" height=\"680\" src=\"https:\/\/dev.ideabasekent.com\/afrolisbon\/wp-content\/uploads\/sites\/14\/2024\/07\/image_2024-07-29_103056102.png\" alt=\"\" class=\"wp-image-225187\" style=\"width:428px;height:auto\" \/><\/a><figcaption class=\"wp-element-caption\"><a href=\"https:\/\/cdn.pannellum.org\/2.5\/pannellum.htm#panorama=https%3A\/\/i.imgur.com\/qxHEqrR.jpeg&amp;title=Outside%20of%20Igreja%20de%20Sao%20Mamede%20do%20Sadao\">Outside View of Igreja de S\u00e3o Mamede do S\u00e1d\u00e3o<\/a><\/figcaption><\/figure>\n\n\n\n<figure class=\"wp-block-image size-full is-resized\"><a href=\"https:\/\/cdn.pannellum.org\/2.5\/pannellum.htm#panorama=https%3A\/\/i.imgur.com\/RvruLmt.jpeg&amp;title=Inside%20of%20Igreja%20de%20Sao%20Mamede%20do%20Sadao\"><img loading=\"lazy\" decoding=\"async\" width=\"850\" height=\"683\" src=\"https:\/\/dev.ideabasekent.com\/afrolisbon\/wp-content\/uploads\/sites\/14\/2024\/07\/image_2024-07-29_103213858.png\" alt=\"\" class=\"wp-image-225188\" style=\"width:431px;height:auto\" \/><\/a><figcaption class=\"wp-element-caption\"><a href=\"https:\/\/cdn.pannellum.org\/2.5\/pannellum.htm#panorama=https%3A\/\/i.imgur.com\/RvruLmt.jpeg&amp;title=Inside%20of%20Igreja%20de%20Sao%20Mamede%20do%20Sadao\">Inside of Igreja de S\u00e3o Mamede do S\u00e1d\u00e3o<\/a><\/figcaption><\/figure>\n","protected":false},"excerpt":{"rendered":"<p>AfroLisbon 360\u00b0 Image Hotspots<\/p>\n","protected":false},"author":41,"featured_media":0,"parent":0,"menu_order":0,"comment_status":"closed","ping_status":"closed","template":"","meta":{"_acf_changed":false,"_et_pb_use_builder":"off","_et_pb_old_content":"","_et_gb_content_width":"","footnotes":""},"class_list":["post-225152","page","type-page","status-publish","hentry"],"acf":[],"_links":{"self":[{"href":"https:\/\/dev.ideabasekent.com\/afrolisbon\/wp-json\/wp\/v2\/pages\/225152","targetHints":{"allow":["GET"]}}],"collection":[{"href":"https:\/\/dev.ideabasekent.com\/afrolisbon\/wp-json\/wp\/v2\/pages"}],"about":[{"href":"https:\/\/dev.ideabasekent.com\/afrolisbon\/wp-json\/wp\/v2\/types\/page"}],"author":[{"embeddable":true,"href":"https:\/\/dev.ideabasekent.com\/afrolisbon\/wp-json\/wp\/v2\/users\/41"}],"replies":[{"embeddable":true,"href":"https:\/\/dev.ideabasekent.com\/afrolisbon\/wp-json\/wp\/v2\/comments?post=225152"}],"version-history":[{"count":0,"href":"https:\/\/dev.ideabasekent.com\/afrolisbon\/wp-json\/wp\/v2\/pages\/225152\/revisions"}],"wp:attachment":[{"href":"https:\/\/dev.ideabasekent.com\/afrolisbon\/wp-json\/wp\/v2\/media?parent=225152"}],"curies":[{"name":"wp","href":"https:\/\/api.w.org\/{rel}","templated":true}]}}